tors of h?
2, 23
Suppose -2*w = -7*w + 15. Suppose -s - 310 = -2*x, -772 = -2*x - w*x + s. What are the prime factors of x?
2, 7, 11
Suppose -78767 = -27*v + 75889. List the prime factors of v.
2, 179
What are the prime factors of ((-1512)/140)/(3/(-530))?
2, 3, 53
Let c(a) = -a**3 - 2*a**2 - 5*a + 1. Suppose -5*f + 0 = 3*y - 5, 23 = 2*f - 3*y. Suppose w = -f*w - 20. What are the prime factors of c(w)?
53
Suppose -z + 905 = 5*v, 0 = 2*v - 6*v - 4*z + 740. Suppose -v = 82*u - 86*u. What are the prime factors of u?
3, 5
What are the prime factors of ((-3794)/3)/7*(1 + -4)?
2, 271
Suppose -3410 = -27*u + 16*u. What are the prime factors of u?
2, 5, 31
Let b = -102 + 99. List the prime factors of b + (-15)/((1 - 0)/(-17)).
2, 3, 7
Let c = -137 - -597. What are the prime factors of c?
2, 5, 23
Let w(d) = -761*d + 64. What are the prime factors of w(-4)?
2, 3, 7, 37
Let l = -2 - -2. Let p(j) = 3*j**3 + 14*j**2 + 8*j + 83. Let x(y) = -y**3 - 5*y**2 - 3*y - 28. Let u(z) = 4*p(z) + 11*x(z). List the prime factors of u(l).
2, 3
Let s = 646 + -319. Suppose -16*o + s = -13*o. What are the prime factors of o?
109
Suppose -4*t = 4*y - 4020, 0 = -2*y - 2*t + 5*t + 2000. What are the prime factors of y?
17, 59
Suppose 3*o + 13 = 85. Let h be (-3)/(-6)*-2 - -155. Suppose 3*n - t - h = -o, 3*n - 140 = -4*t. What are the prime factors of n?
2, 11
Suppose 1227 = 2*l - 159. List the prime factors of l.
3, 7, 11
Suppose 0 = -3*x + 2 + 28. Suppose x*f = f + 1323. What are the prime factors of f?
3, 7
Let a(v) = -v**3 + 23*v**2 + 28*v - 17. Let t be (4 - 24/3) + 28. What are the prime factors of a(t)?
79
Suppose -1652 - 526 = -3*c. What are the prime factors of c?
2, 3, 11
Suppose 0 = 5*x - i - 24, x + 0*x + 4*i - 9 = 0. Suppose f + u = -2*f + 151, x*f - 2*u = 237. Suppose 0 = 4*v - f + 5. List the prime factors of v.
11
Let n(r) = -9*r. Let w be n(2). Let a be (-1)/((-20)/w - 1). Let j = a + 16. List the prime factors of j.
7
Let g(k) = -2*k**2 + 12*k + 12. Let s be g(9). Let r = 66 + s. List the prime factors of r.
2, 3
Let l(k) = 14*k**3 - 3*k**2 + 17*k + 14. What are the prime factors of l(4)?
2, 3, 5, 31
Let v = -774 + 5194. List the prime factors of v.
2, 5, 13, 17
Let m be (-1)/(-4 + (-35)/(-10)). Let r(w) = w**3 + w**2 + 4. Let f be r(0). Let h = m + f. List the prime factors of h.
2, 3
Suppose 135 = -4*d - d. Suppose 3*v - 4*t + 44 = 0, 0 = 4*v + v + 5*t + 50. Let i = v - d. What are the prime factors of i?
3, 5
List the prime factors of (-308)/(-3) + 6/(-9).
2, 3, 17
Suppose -13*n + 21*n = 16392. List the prime factors of n.
3, 683
Suppose -4*i - 55 = -7. Let y = i - -13. Let l(r) = 28*r. List the prime factors of l(y).
2, 7
Let t(u) = -u**2 + 3*u + 3. Let x be t(2). Suppose -v - 5*z + 32 = 0, -2*v = -4*v + x*z + 19. What are the prime factors of v?
17
Let k(p) = -8*p + 60. List the prime factors of k(-16).
2, 47
Let f = -30 - -33. Suppose -f*s = -448 - 230. Suppose 14 + s = 5*x. What are the prime factors of x?
2, 3
List the prime factors of (-27759)/(-114) + 1/(-4)*2.
3
Suppose 0 = 3*x + 27 - 87. Suppose -x*h + 17*h = -177. What are the prime factors of h?
59
List the prime factors of 3982/5 + (1 - (-7)/(-5)).
2, 199
Let v be ((-4)/(-8))/((-3)/(-972)). Suppose 2*g + 2*g = -3*y + 663, -g = -3*y - v. What are the prime factors of g?
3, 5, 11
Let s be 66*(15/(-10) + 0). Let p = 176 + s. What are the prime factors of p?
7, 11
Suppose -2*t = 3*l - 29, -53 + 7 = -3*t - 5*l. Let r(x) be the third derivative of x**4/8 - x**3 - 6*x**2. List the prime factors of r(t).
3, 5
Let w be (6/9)/((-2)/(-3)). Let y(t) = 2*t**3 - t**2 + t. Let m be y(w). Suppose -2*x + 1 = -x, -2*x = -2*n + m. What are the prime factors of n?
2
Suppose -3*i = -2*f + 3 - 7, -2*i - 4*f = -8. Let l = 64 + 16. Suppose 4*u + 34 = 2*m, 4*m - 6*u = -i*u + l. What are the prime factors of m?
23
Suppose 3*x - 1658 = f, 4*x - 815 = 5*f + 1381. List the prime factors of x.
2, 277
Let k = -67 + 69. Suppose k*z + 195 = h, -2*z - 3 = 1. List the prime factors of h.
191
Let a = 436 - 307. Suppose 63 = 4*o - a. What are the prime factors of o?
2, 3
Let s = -94 - 8. Let m = s - -339. List the prime factors of m.
3, 79
Suppose f + 0*f = -3*f. List the prime factors of f - -47 - (4 + -2).
3, 5
Let s(x) = x**2 + 0*x**2 - 5*x + 5 + 2. Suppose v + y = 3 - 0, 2*v + y = 10. What are the prime factors of s(v)?
3, 7
Suppose 1545 = 5*d - 2*d. Suppose -3*p + 103 = a, -5*a + 4*p = -p - d. What are the prime factors of a?
103
Suppose -12 = -19*x + 15*x. Suppose 3*u - 274 = -4*h, x*u - 3*h = -2*u + 505. What are the prime factors of u?
2, 7
Let q = -631 + 921. List the prime factors of q.
2, 5, 29
Let l(v) = v**3 + 12*v**2 + 9*v - 17. Let c be l(-11). Suppose -6*b - c*b + 671 = 0. What are the prime factors of b?
61
Let c(j) = 54*j + 10. Let n be c(3). Suppose 2*m - 3*w + 102 = -m, 5*m - 3*w + n = 0. Let p = -27 - m. What are the prime factors of p?
2
Let q(b) be the first derivative of b**2/2 - 2*b - 4. Let c be q(7). Suppose -c*n + 39 = 3*w - 78, -3*n - 2*w + 71 = 0. List the prime factors of n.
3, 7
Suppose 3 = -4*h + 35. What are the prime factors of 4/(-16) + 122/h?
3, 5
Suppose 0 = 25*f - 0*f - 47700. What are the prime factors of f?
2, 3, 53
Let p = -1647 - -2454. List the prime factors of p.
3, 269
List the prime factors of (12/(-5))/3*(-2595)/6.
2, 173
List the prime factors of 161496/288 + (-5)/(-4).
2, 281
Let k = 7 - 2. Suppose -k = 2*g + 7. List the prime factors of g/(-3) - 10*-2.
2, 11
What are the prime factors of (-14)/(-8)*1072/(-3 + 5)?
2, 7, 67
Let h(r) = 12*r**2 - 14*r - 2. What are the prime factors of h(-6)?
2, 257
Suppose 0*r + 4*r + 36 = 0. List the prime factors of r/(-3 + 48/20).
3, 5
Suppose 5*v - 640 = 305. Suppose t - 4*y - 63 = 0, -3*t + v = -y - 0*y. What are the prime factors of t?
3, 7
Let h(o) = o**3 - 7*o**2 - o + 17. Let j be h(12). Suppose 0 = -2*g - 8, -4*n + 427 + j = g. List the prime factors of n.
17
Suppose -k = 5*v + 2 + 25, 0 = 4*k - 2*v + 20. What are the prime factors of (120 - 2)/(k - -9)?
59
Let a(r) = 22*r + 13. Let n(l) = -21*l - 12. Let v(c) = -6*a(c) - 5*n(c). What are the prime factors of v(-7)?
3, 19
Let n(c) be the first derivative of -5*c**2 - 9. What are the prime factors of n(-3)?
2, 3, 5
Let z = 8 + -5. Suppose z*d - 2 = 7. Suppose -4*w - 3*x + 67 = 0, 0 = d*w - 4*w - 2*x + 18. List the prime factors of w.
2
Suppose 0 = -59*y + 48200 + 71511. What are the prime factors of y?
2029
Suppose 0 = -y - 4*w + 1843 + 2207, -4*y = -3*w - 16162. List the prime factors of y.
2, 43, 47
Let r = -12 - -14. Let t(j) = -10 - 13 + 5*j - r*j. What are the prime factors of t(19)?
2, 17
Let k(i) = i**3 - 10*i**2 + 5*i + 6. Let d be k(9). List the prime factors of (-28)/12*d/2.
5, 7
Let x be (2 - (-2 - -5))/(2/(-8)). Suppose -178 = x*j - 486. What are the prime factors of j?
7, 11
Let h be 84/9*324/21. Suppose 3*b + 5*x - h = 0, -56 = -2*b + 5*x + 40. List the prime factors of b.
2, 3
Let v = -108 - -115. Suppose 0 = v*n - 14*n + 1708. List the prime factors of n.
2, 61
Let p(i) = i**3 - 5*i**2 + 6*i - 6. Let t be p(4). Let y be 268/(t*-2)*-1. Suppose -2*d + 34 = -4*w, y = 4*d + d - w. List the prime factors of d.
13
Let v(f) be the first derivative of f**2 - 9*f + 11. List the prime factors of v(11).
13
Let r(x) = -x**3 + 7*x**2 + 5. Let d be r(7). Suppose -d*g - y - 10 = 0, -7*g + 2*g - 30 = 5*y. List the prime factors of -17*(g + (2 - 2)).
17
What are the prime factors of 6 + (8 - 3366/(-6))?
5, 23
Let s = 7 - 13. Let i(q) = -q**3 - 8*q**2 - 14*q. Let j be i(s). Let z = 5 + j. What are the prime factors of z?
17
Let c = 1593 - 680. List the prime factors of c.
11, 83
Let m(s) = 0*s + 3*s + 3 - 2*s. Let g be m(0). Suppose 0 = -g*n + a + 64, 35 + 8 = 2*n - a. List the prime factors of n.
3, 7
Let x(u) = -43*u**2 - 2*u - 12. Let l be x(-15). List the prime factors of l/(-45) - 2/(-5).
5, 43
Let y = -6 + 8. Suppose 4*s + y*s = 654. List the prime factors of s.
109
Let w(p) = -43*p + 9. Let u be w(2). Let r = u - -225. What are the prime factors of r?
2, 37
Let z(r) = -r**2 + 5*r + 4. Let h be z(6). Let c be 3*((-2)/(-6) + h). List the prime factors of 0 - c/(15/18).
2, 3
Let o(l) = -3*l**2 + 26*l - 22. Let y be o(11). Let m = -71 - y. What are the prime factors of m?
2, 7
Let i(q